what is 1d + 43d885a?
43d8879
In base 7, what is -1500031 + -43?
-1500104
In base 15, what is -4474 - -64?
-4410
In base 13, what is -9 - -48bb90a?
48bb901
In base 13, what is 16791 + 1a7?
16968
In base 11, what is 779 - 9850?
-9082
In base 11, what is 49 + -31152?
-31104
In base 2, what is -1101111000000101111 - -1011111?
-1101110111111010000
In base 14, what is -57 - 135c5?
-1363c
In base 2, what is -1110101000001101111101110 - 10?
-1110101000001101111110000
In base 10, what is -4 - 9323648?
-9323652
In base 5, what is -420002 + -1401?
-421403
In base 9, what is -7 + 1022651?
1022643
In base 12, what is 51019 + -111?
50b08
In base 16, what is -6dad570 + -3?
-6dad573
In base 7, what is 24464 - 1652?
22512
In base 8, what is 47324304 - 24?
47324260
In base 13, what is -7512174 + 5?
-751216c
In base 5, what is -1031300 - 4111?
-1040411
In base 8, what is -243 + -37630?
-40073
In base 5, what is 10 + -3302001032?
-3302001022
In base 16, what is -38 - -71955?
7191d
In base 11, what is -196270a - -2?
-1962708
In base 4, what is -3 + -11012020330?
-11012020333
In base 13, what is 20b5550 + -2?
20b554b
In base 4, what is -120 + -333023302111?
-333023302231
In base 16, what is 6 - -412bcc?
412bd2
In base 10, what is -91 + 38027?
37936
In base 7, what is 12636 - 64305?
-51336
In base 13, what is -168 + -12198?
-12333
In base 2, what is -110110101011 + 1010001110100?
11011001001
In base 2, what is 110000 - -110001010111001100001?
110001010111010010001
In base 2, what is -10010000111000000101110 - 1100?
-10010000111000000111010
In base 5, what is 40 - 24334110?
-24334020
In base 15, what is 16318 + 75?
1638d
In base 11, what is 935 - 132038?
-131203
In base 4, what is 332313 + 22033?
1021012
In base 10, what is 977222 - -22?
977244
In base 3, what is 1020102111221 - -1012?
1020102120010
In base 6, what is -14 - 34044514?
-34044532
In base 10, what is -2731 + -138?
-2869
In base 5, what is 43 + 3100200330?
3100200423
In base 9, what is 10863328 - -5?
10863334
In base 9, what is -1378 - 1042454?
-1043843
In base 12, what is -16 - 46086?
-460a0
In base 5, what is -1411002234 + -24?
-1411002313
In base 6, what is 554 + 1504115?
1505113
In base 7, what is 21 + -20022661?
-20022640
In base 12, what is -39 - 211407?
-211444
In base 13, what is -4 - c4129c9?
-c412a00
In base 5, what is 2240230 - -322?
2241102
In base 9, what is 167 + -8538036?
-8537758
In base 9, what is -1845 - 27245?
-30201
In base 6, what is -343 + 103302520?
103302133
In base 12, what is 34257a - 19?
342561
In base 13, what is -5 + 1496b09c?
1496b097
In base 2, what is 10101110011001101111010101 + 10111?
10101110011001101111101100
In base 13, what is 109 + 47074?
47180
In base 14, what is 1981b + 68?
19885
In base 5, what is -443143120 + -14?
-443143134
In base 10, what is -3649 + -767?
-4416
In base 7, what is -126605 + 445?
-126130
In base 3, what is -2110021100 + 1212?
-2110012111
In base 13, what is 9c0701 - -21?
9c0722
In base 3, what is 20210 - 102110002?
-102012022
In base 2, what is -1 + 11111000100101010100?
11111000100101010011
In base 7, what is -21 + 51611646?
51611625
In base 14, what is -2 + 11665c2c?
11665c2a
In base 15, what is -71e921e4 - -4?
-71e921e0
In base 6, what is -2142324 + 132?
-2142152
In base 10, what is 8049 - 30558?
-22509
In base 8, what is -452 + 2143567?
2143115
In base 14, what is 1ada64b + -5?
1ada646
In base 5, what is 121103 - 30234?
40314
In base 8, what is -1677 - -105465?
103566
In base 2, what is -1010111101111101 - 10001001100100?
-1101000111100001
In base 4, what is -232132321222 + 1?
-232132321221
In base 15, what is 3 + -2d475c3?
-2d475c0
In base 11, what is aa1 - -20265?
21256
In base 6, what is 25354 + 12305?
42103
In base 10, what is -168 + -1668728?
-1668896
In base 15, what is -e6ce4 - 31?
-e6d25
In base 5, what is 10 - -221423242?
221423302
In base 15, what is -2b4e199 + -2?
-2b4e19b
In base 16, what is -77 + 8d671?
8d5fa
In base 13, what is 2b6 - -b190?
b476
In base 11, what is 8a456a - 15?
8a4555
In base 3, what is -11002021222 + -1121121?
-11010220120
In base 9, what is -48012458 - -4?
-48012454
In base 5, what is -3 - 30223000031?
-30223000034
In base 4, what is -1302111221212 - -11?
-1302111221201
In base 8, what is 20 - -3035440?
3035460
In base 12, what is -654 - -114a2?
10a4a
In base 12, what is 40 + -22065?
-22025
In base 6, what is 141131 - -2203425?
2345000
In base 2, what is -11 + 10100000010010110010001110?
10100000010010110010001011
In base 13, what is -26 - -8000b9?
800093
In base 3, what is 10210222101 - -1100?
10211000201
In base 10, what is 1952695 + -40?
1952655
In base 11, what is -2447412 + 6?
-2447407
In base 14, what is -6bc9b5d - 7?
-6bc9b66
In base 10, what is -14023184 + -1?
-14023185
In base 12, what is 286 - 16496?
-16210
In base 13, what is -a1563c + 7?
-a15635
In base 4, what is -212 - -213230130?
213223312
In base 11, what is 2068922 + 1?
2068923
In base 15, what is -22b + daa9b?
da870
In base 7, what is -20502041 - -104?
-20501634
In base 5, what is -11012211 - -14100?
-10443111
In base 7, what is -15563653 - 11?
-15563664
In base 6, what is 14434 - -1354313?
1413151
In base 2, what is -101 - 100101000101010000000001?
-100101000101010000000110
In base 12, what is -7 + -45374b?
-453756
In base 3, what is -2211122012110000 + -2?
-2211122012110002
In base 15, what is -17 - 68c1e5?
-68c20c
In base 8, what is 15071 + -5211?
7660
In base 9, what is 107467736 - 3?
107467733
In base 6, what is 52330543 + -20?
52330523
In base 14, what is -2925 + 46?
-28bd
In base 13, what is 8a + -2463?
-23a6
In base 15, what is 8 - 248327?
-24831e
In base 6, what is 2 + -4311313103?
-4311313101
In base 15, what is -3060aa + 5?
-3060a5
In base 16, what is -4eb482 + f?
-4eb473
In base 15, what is 87c + -1dd5?
-1558
In base 8, what is -114103 + 406?
-113475
In base 15, what is 3 - -b6e1ce?
b6e1d2
In base 4, what is -3 + -22202131213?
-22202131222
In base 12, what is -42b389 + b5?
-42b294
In base 15, what is 36 - 3826be?
-382688
In base 7, what is 4 - 11150143?
-11150136
In base 12, what is -552 + 202a53?
202501
In base 11, what is -3990 - -1046?
-2945
In base 12, what is 55b6138 + 1?
55b6139
In base 7, what is 2313 + -6103?
-3460
In base 4, what is -11211201 + 11131?
-11200010
In base 14, what is -c04245 - 22?
-c04267
In base 3, what is 10010220 + -2221200?
12020
In base 14, what is -4 - -3a3947?
3a3943
In base 4, what is 2 + -211203213030?
-211203213022
In base 9, what is 5736145 + -14?
5736131
In base 13, what is 99 + -580447?
-58037b
In base 14, what is -8 + -3037b3?
-3037bb
In base 11, what is 19835 + -15306?
452a
In base 13, what is -8024cb + -9?
-802507
In base 13, what is -1965 - -16b2b?
15196
In base 13, what is 3 - -507a54?
507a57
In base 2, what is -1111 - 10010110010110000000?
-10010110010110001111
In base 4, what is 101232013023 + 201?
101232013230
In base 16, what is -b - 4feaca?
-4fead5
In base 8, what is 1036211000 - -3?
1036211003
In base 16, what is -2c - -153a?
150e
In base 6, what is -20225012315 + 3?
-20225012312
In base 7, what is -43 + 335554500?
335554424
In base 12, what is 77a83208 - -5?
77a83211
In base 15, what is 218362 - -6?
218368
In base 4, what is 0 + -33201113?
-33201113
In base 7, what is -32 + 4642436?
4642404
In base 4, what is 101221021110 - -11?
101221021121
In base 9, what is -14527700 + 0?
-14527700
In base 4, what is 200031 + -11100020?
-10233323
In base 10, what is 24605 - 311?
24294
In base 9, what is -5 + 51455072?
51455066
In base 3, what is -2 - 1212222001012011?
-1212222001012020
In base 14, what is c2 - 4559a?
-454b8
In base 2, what is -1101101111 + 11110010010101011100?
11110010000111101101
In base 14, what is d04 + 14b19?
15a1d
In base 15, what is -1355 + 1803?
49d
In base 15, what is -d47e - -917?
-ca67
In base 13, what is -7 - -24ac41?
24ac37
In base 12, what is 86 + -4841b0?
-484126
In base 16, what is -8 + 10566d8?
10566d0
In base 16, what is 95b18 + -44?
95ad4
In base 13, what is 262 + -74b7?
-7255
In base 7, what is 164526350 - -30?
164526410
In base 13, what is -1284 - -1941?
68a
In base 14, what is -7a23984 + -5?
-7a23989
In base 9, what is -1334265 + -214?
-1334480
In base 8, what is -33041 + -1167?
-34230
In base 3, what is -10 + -211102022012222?
-211102022020002
In base